{"id":9749,"date":"2024-03-08T12:14:44","date_gmt":"2024-03-08T12:14:44","guid":{"rendered":"https:\/\/www.sana-viva.com\/?post_type=product&#038;p=9749"},"modified":"2024-05-16T09:55:21","modified_gmt":"2024-05-16T09:55:21","slug":"cdl-forscherpaket-500ml","status":"publish","type":"product","link":"https:\/\/www.sana-viva.com\/?product=cdl-forscherpaket-500ml","title":{"rendered":"CDL Forscherpaket"},"content":{"rendered":"<div class=\"wpb-content-wrapper\"><p>[vc_row][vc_column]\n\t\t<div id=\"wd-65eeee28d49ed\" class=\"title-wrapper wd-wpb wd-set-mb reset-last-child  wd-rs-65eeee28d49ed wd-title-color-primary wd-title-style-underlined text-center  wd-underline-colored\">\n\t\t\t\t\t\t\t\n\t\t\t\t<div class=\"title-subtitle  subtitle-color-primary font-default subtitle-style-default wd-font-weight- wd-fontsize-xs\">jetzt mitmachen<\/div>\n\t\t\t\n\t\t\t<div class=\"liner-continer\">\n\t\t\t\t<h4 class=\"woodmart-title-container title  wd-font-weight- wd-fontsize-l\" >Das CDL Forschung Paket<\/h4>\n\t\t\t\t\t\t\t<\/div>\n\t\t\t\n\t\t\t\t\t\t\t<div class=\"title-after_title reset-last-child  wd-fontsize-xs\">Wir liefern Ihnen als Forschungspartner dieses unschlagbare Set f\u00fcr die Herstellung von einer 0,3% Chlordioxid L\u00f6sung ( ClO2 ).<br \/>\nDieses Set ist ausreichend f\u00fcr die Herstellung von 12,5L bis 25L ClO2 L\u00f6sung 0,3%.<\/div>\n\t\t\t\n\t\t\t\n\t\t<\/div>\n\t\t\n\t\t[\/vc_column][\/vc_row][vc_row equal_height=&#8220;yes&#8220; content_placement=&#8220;middle&#8220; woodmart_parallax=&#8220;0&#8243; woodmart_gradient_switch=&#8220;no&#8220; row_reverse_mobile=&#8220;0&#8243; row_reverse_tablet=&#8220;0&#8243; woodmart_disable_overflow=&#8220;0&#8243;][vc_column width=&#8220;1\/3&#8243; css=&#8220;.vc_custom_1538141927376{padding-top: 0px !important;padding-right: 0px !important;padding-left: 0px !important;}&#8220; woodmart_parallax=&#8220;0&#8243; parallax_scroll=&#8220;no&#8220; woodmart_sticky_column=&#8220;false&#8220;][vc_single_image image=&#8220;9530&#8243; img_size=&#8220;600&#215;600&#8243; alignment=&#8220;center&#8220; css=&#8220;.vc_custom_1710156450660{margin-bottom: 0px !important;}&#8220; parallax_scroll=&#8220;no&#8220; woodmart_inline=&#8220;no&#8220;]\t\t\t<div class=\"info-box-wrapper\">\n\t\t\t\t<div id=\"wd-65eeeb325614e\" class=\" wd-rs-65eeeb325614e wd-info-box wd-wpb text-center box-icon-align-top box-style- color-scheme-dark wd-bg-none vc_custom_1710156626007\">\n\t\t\t\t\t\t\t\t\t\t\t<div class=\"box-icon-wrapper  box-with-icon box-icon-simple\">\n\t\t\t\t\t\t\t<div class=\"info-box-icon\">\n\n\t\t\t\t\t\t\t\n\t\t\t\t\t\t\t\t\t\t\t\t\t\t\t\t\t\t\t\t\t\t\t\t\t\t\t\t\t\t\t\t\n\t\t\t\t\t\t\t<\/div>\n\t\t\t\t\t\t<\/div>\n\t\t\t\t\t\t\t\t\t\t<div class=\"info-box-content\">\n\t\t\t\t\t\t<h4 class=\"info-box-title title box-title-style-default wd-fontsize-m\">Die L\u00f6sungen<\/h4>\t\t\t\t\t\t<div class=\"info-box-inner reset-last-child\"><p>Mit 500ml Salzs\u00e4ure 3,5% und 500ml Natriumchlorit 25% haben Sie genug Vorrat f\u00fcr 25 bis 50 Ans\u00e4tze Chlordioxid 0,3%.<\/p>\n<\/div>\n\n\t\t\t\t\t\t\t\t\t\t\t<\/div>\n\n\t\t\t\t\t\n\t\t\t\t\t\t\t\t\t<\/div>\n\t\t\t<\/div>\n\t\t[\/vc_column][vc_column width=&#8220;1\/3&#8243; css=&#8220;.vc_custom_1538141932185{padding-top: 0px !important;padding-right: 0px !important;padding-left: 0px !important;}&#8220; woodmart_parallax=&#8220;0&#8243; parallax_scroll=&#8220;no&#8220; woodmart_sticky_column=&#8220;false&#8220;]\t\t\t<div class=\"info-box-wrapper\">\n\t\t\t\t<div id=\"wd-65eeeb918aab6\" class=\" wd-rs-65eeeb918aab6 wd-info-box wd-wpb text-center box-icon-align-top box-style- color-scheme-dark wd-bg-none vc_custom_1710156687714\">\n\t\t\t\t\t\t\t\t\t\t\t<div class=\"box-icon-wrapper  box-with-icon box-icon-simple\">\n\t\t\t\t\t\t\t<div class=\"info-box-icon\">\n\n\t\t\t\t\t\t\t\n\t\t\t\t\t\t\t\t\t\t\t\t\t\t\t\t\t\t\t\t\t\t\t\t\t\t\t\t\t\t\t\t\n\t\t\t\t\t\t\t<\/div>\n\t\t\t\t\t\t<\/div>\n\t\t\t\t\t\t\t\t\t\t<div class=\"info-box-content\">\n\t\t\t\t\t\t<h4 class=\"info-box-title title box-title-style-default wd-fontsize-m\">Schnappdeckel Glas<\/h4>\t\t\t\t\t\t<div class=\"info-box-inner reset-last-child\"><p>Mit einen Volumen von 1 Liter passen zwischen 500ml und 750ml pro Ansatz in das Glas.<\/p>\n<\/div>\n\n\t\t\t\t\t\t\t\t\t\t\t<\/div>\n\n\t\t\t\t\t\n\t\t\t\t\t\t\t\t\t<\/div>\n\t\t\t<\/div>\n\t\t[vc_single_image image=&#8220;9648&#8243; img_size=&#8220;600&#215;600&#8243; alignment=&#8220;center&#8220; css=&#8220;.vc_custom_1710156474958{margin-bottom: 0px !important;}&#8220; parallax_scroll=&#8220;no&#8220; woodmart_inline=&#8220;no&#8220;][\/vc_column][vc_column width=&#8220;1\/3&#8243; css=&#8220;.vc_custom_1538141937232{padding-top: 0px !important;padding-right: 0px !important;padding-left: 0px !important;}&#8220; woodmart_parallax=&#8220;0&#8243; parallax_scroll=&#8220;no&#8220; woodmart_sticky_column=&#8220;false&#8220;][vc_single_image image=&#8220;9525&#8243; img_size=&#8220;600&#215;600&#8243; alignment=&#8220;center&#8220; css=&#8220;.vc_custom_1710156498579{margin-bottom: 0px !important;}&#8220; parallax_scroll=&#8220;no&#8220; woodmart_inline=&#8220;no&#8220;]\t\t\t<div class=\"info-box-wrapper\">\n\t\t\t\t<div id=\"wd-65eeebbed5d73\" class=\" wd-rs-65eeebbed5d73 wd-info-box wd-wpb text-center box-icon-align-top box-style- color-scheme-dark wd-bg-none vc_custom_1710156801486\">\n\t\t\t\t\t\t\t\t\t\t\t<div class=\"box-icon-wrapper  box-with-icon box-icon-simple\">\n\t\t\t\t\t\t\t<div class=\"info-box-icon\">\n\n\t\t\t\t\t\t\t\n\t\t\t\t\t\t\t\t\t\t\t\t\t\t\t\t\t\t\t\t\t\t\t\t\t\t\t\t\t\t\t\t\n\t\t\t\t\t\t\t<\/div>\n\t\t\t\t\t\t<\/div>\n\t\t\t\t\t\t\t\t\t\t<div class=\"info-box-content\">\n\t\t\t\t\t\t<h4 class=\"info-box-title title box-title-style-default wd-fontsize-m\">Messbeh\u00e4lter<\/h4>\t\t\t\t\t\t<div class=\"info-box-inner reset-last-child\"><p>Mit einen Volumen von 10ml k\u00f6nnen Sie f\u00fcr 500ml Chlordioxid Ansatz die L\u00f6sungen exakt abmessen. Der Messzylinder besteht aus PP.<\/p>\n<\/div>\n\n\t\t\t\t\t\t\t\t\t\t\t<\/div>\n\n\t\t\t\t\t\n\t\t\t\t\t\t\t\t\t<\/div>\n\t\t\t<\/div>\n\t\t[\/vc_column][\/vc_row][vc_row equal_height=&#8220;yes&#8220; content_placement=&#8220;middle&#8220; woodmart_parallax=&#8220;0&#8243; woodmart_gradient_switch=&#8220;no&#8220; row_reverse_mobile=&#8220;0&#8243; row_reverse_tablet=&#8220;0&#8243; woodmart_disable_overflow=&#8220;0&#8243; css=&#8220;.vc_custom_1538142357603{margin-bottom: 8vh !important;}&#8220;][vc_column width=&#8220;1\/3&#8243; css=&#8220;.vc_custom_1538141942351{padding-top: 0px !important;padding-right: 0px !important;padding-left: 0px !important;}&#8220; woodmart_parallax=&#8220;0&#8243; parallax_scroll=&#8220;no&#8220; woodmart_sticky_column=&#8220;false&#8220;]\t\t\t<div class=\"info-box-wrapper\">\n\t\t\t\t<div id=\"wd-65eeec4d8197d\" class=\" wd-rs-65eeec4d8197d wd-info-box wd-wpb text-center box-icon-align-top box-style- color-scheme-dark wd-bg-none vc_custom_1710156869195\">\n\t\t\t\t\t\t\t\t\t\t\t<div class=\"box-icon-wrapper  box-with-icon box-icon-simple\">\n\t\t\t\t\t\t\t<div class=\"info-box-icon\">\n\n\t\t\t\t\t\t\t\n\t\t\t\t\t\t\t\t\t\t\t\t\t\t\t\t\t\t\t\t\t\t\t\t\t\t\t\t\t\t\t\t\n\t\t\t\t\t\t\t<\/div>\n\t\t\t\t\t\t<\/div>\n\t\t\t\t\t\t\t\t\t\t<div class=\"info-box-content\">\n\t\t\t\t\t\t<h4 class=\"info-box-title title box-title-style-default wd-fontsize-m\">Pipette<\/h4>\t\t\t\t\t\t<div class=\"info-box-inner reset-last-child\"><p>Die 150mm Pipette mit Silikonsauger sorgt f\u00fcr exaktes Abmessen der L\u00f6sungen.<\/p>\n<\/div>\n\n\t\t\t\t\t\t\t\t\t\t\t<\/div>\n\n\t\t\t\t\t\n\t\t\t\t\t\t\t\t\t<\/div>\n\t\t\t<\/div>\n\t\t[vc_single_image image=&#8220;9520&#8243; img_size=&#8220;600&#215;600&#8243; alignment=&#8220;center&#8220; css=&#8220;.vc_custom_1710156831818{margin-bottom: 0px !important;}&#8220; parallax_scroll=&#8220;no&#8220; woodmart_inline=&#8220;no&#8220;][\/vc_column][vc_column width=&#8220;1\/3&#8243; css=&#8220;.vc_custom_1538141956707{padding-top: 0px !important;padding-right: 0px !important;padding-left: 0px !important;}&#8220; woodmart_parallax=&#8220;0&#8243; parallax_scroll=&#8220;no&#8220; woodmart_sticky_column=&#8220;false&#8220;][vc_single_image image=&#8220;9700&#8243; img_size=&#8220;600&#215;600&#8243; alignment=&#8220;center&#8220; css=&#8220;.vc_custom_1710157055292{margin-bottom: 0px !important;}&#8220; parallax_scroll=&#8220;no&#8220; woodmart_inline=&#8220;no&#8220;]\t\t\t<div class=\"info-box-wrapper\">\n\t\t\t\t<div id=\"wd-6629648e285bc\" class=\" wd-rs-6629648e285bc wd-info-box wd-wpb text-center box-icon-align-top box-style- color-scheme-dark wd-bg-none vc_custom_1713988712756\">\n\t\t\t\t\t\t\t\t\t\t\t<div class=\"box-icon-wrapper  box-with-icon box-icon-simple\">\n\t\t\t\t\t\t\t<div class=\"info-box-icon\">\n\n\t\t\t\t\t\t\t\n\t\t\t\t\t\t\t\t\t\t\t\t\t\t\t\t\t\t\t\t\t\t\t\t\t\t\t\t\t\t\t\t\n\t\t\t\t\t\t\t<\/div>\n\t\t\t\t\t\t<\/div>\n\t\t\t\t\t\t\t\t\t\t<div class=\"info-box-content\">\n\t\t\t\t\t\t<h4 class=\"info-box-title title box-title-style-default wd-fontsize-m\">Der Erdtaler<\/h4>\t\t\t\t\t\t<div class=\"info-box-inner reset-last-child\"><p>1.000 Erdtaler im Wert von 10\u20ac erhalten Sie mit den Forschungspaket. Eingel\u00f6st k\u00f6nnen die Erdtaler ausschlie\u00dflich f\u00fcr eines unserer Projekte.<\/p>\n<\/div>\n\n\t\t\t\t\t\t\t\t\t\t\t<\/div>\n\n\t\t\t\t\t\n\t\t\t\t\t\t\t\t\t<\/div>\n\t\t\t<\/div>\n\t\t[\/vc_column][vc_column width=&#8220;1\/3&#8243; css=&#8220;.vc_custom_1538141952550{padding-top: 0px !important;padding-right: 0px !important;padding-left: 0px !important;}&#8220; woodmart_parallax=&#8220;0&#8243; parallax_scroll=&#8220;no&#8220; woodmart_sticky_column=&#8220;false&#8220;]\t\t\t<div class=\"info-box-wrapper\">\n\t\t\t\t<div id=\"wd-65eeec9d10eb3\" class=\" wd-rs-65eeec9d10eb3 wd-info-box wd-wpb text-center box-icon-align-top box-style- color-scheme-dark wd-bg-none vc_custom_1710156995665\">\n\t\t\t\t\t\t\t\t\t\t\t<div class=\"box-icon-wrapper  box-with-icon box-icon-simple\">\n\t\t\t\t\t\t\t<div class=\"info-box-icon\">\n\n\t\t\t\t\t\t\t\n\t\t\t\t\t\t\t\t\t\t\t\t\t\t\t\t\t\t\t\t\t\t\t\t\t\t\t\t\t\t\t\t\n\t\t\t\t\t\t\t<\/div>\n\t\t\t\t\t\t<\/div>\n\t\t\t\t\t\t\t\t\t\t<div class=\"info-box-content\">\n\t\t\t\t\t\t<h4 class=\"info-box-title title box-title-style-default wd-fontsize-m\">Braunglasflasche<\/h4>\t\t\t\t\t\t<div class=\"info-box-inner reset-last-child\"><p>Die 500ml Braunglasflasche sch\u00fctzt die L\u00f6sung\u00a0 vor Licht und hat ausreichend Volumen f\u00fcr einen 500ml Ansatz zu aufbewahren. Im K\u00fchlschrank unter 11\u00b0C.<\/p>\n<\/div>\n\n\t\t\t\t\t\t\t\t\t\t\t<\/div>\n\n\t\t\t\t\t\n\t\t\t\t\t\t\t\t\t<\/div>\n\t\t\t<\/div>\n\t\t[vc_single_image image=&#8220;9650&#8243; img_size=&#8220;600&#215;600&#8243; alignment=&#8220;center&#8220; css=&#8220;.vc_custom_1710156911246{margin-bottom: 0px !important;}&#8220; parallax_scroll=&#8220;no&#8220; woodmart_inline=&#8220;no&#8220;][\/vc_column][\/vc_row]<\/p>\n<\/div>","protected":false},"excerpt":{"rendered":"<div class=\"product--description\">Das CDL Forscherpaket enth\u00e4lt<\/div>\n<ul>\n<li class=\"product--description\">500ml HCl 3,5%<\/li>\n<li class=\"product--description\">500ml NaClO\u00b2 25%<\/li>\n<li class=\"product--description\">Tropfpipette mit Silikonsauger, 150mm<\/li>\n<li class=\"product--description\">Messbeh\u00e4lter 10ml<\/li>\n<li class=\"product--description\">B\u00fcgelglas 1.000ml<\/li>\n<li class=\"product--description\">Braunglasflasche 500ml<\/li>\n<li class=\"product--description\">Zugang zum CDL Forscherportal bei SANA VIVA<\/li>\n<li>1.000 Erdtaler im\u00a0 Wert von 10,00\u20ac<\/li>\n<\/ul>\n","protected":false},"featured_media":9766,"comment_status":"open","ping_status":"closed","template":"","meta":[],"product_brand":[],"product_cat":[71],"product_tag":[72],"class_list":{"0":"post-9749","1":"product","2":"type-product","3":"status-publish","4":"has-post-thumbnail","6":"product_cat-cdl","7":"product_tag-cdl","8":"product_shipping_class-dhl","10":"first","11":"instock","12":"featured","13":"taxable","14":"shipping-taxable","15":"purchasable","16":"product-type-simple"},"jetpack_sharing_enabled":true,"_links":{"self":[{"href":"https:\/\/www.sana-viva.com\/index.php?rest_route=\/wp\/v2\/product\/9749","targetHints":{"allow":["GET"]}}],"collection":[{"href":"https:\/\/www.sana-viva.com\/index.php?rest_route=\/wp\/v2\/product"}],"about":[{"href":"https:\/\/www.sana-viva.com\/index.php?rest_route=\/wp\/v2\/types\/product"}],"replies":[{"embeddable":true,"href":"https:\/\/www.sana-viva.com\/index.php?rest_route=%2Fwp%2Fv2%2Fcomments&post=9749"}],"wp:featuredmedia":[{"embeddable":true,"href":"https:\/\/www.sana-viva.com\/index.php?rest_route=\/wp\/v2\/media\/9766"}],"wp:attachment":[{"href":"https:\/\/www.sana-viva.com\/index.php?rest_route=%2Fwp%2Fv2%2Fmedia&parent=9749"}],"wp:term":[{"taxonomy":"product_brand","embeddable":true,"href":"https:\/\/www.sana-viva.com\/index.php?rest_route=%2Fwp%2Fv2%2Fproduct_brand&post=9749"},{"taxonomy":"product_cat","embeddable":true,"href":"https:\/\/www.sana-viva.com\/index.php?rest_route=%2Fwp%2Fv2%2Fproduct_cat&post=9749"},{"taxonomy":"product_tag","embeddable":true,"href":"https:\/\/www.sana-viva.com\/index.php?rest_route=%2Fwp%2Fv2%2Fproduct_tag&post=9749"}],"curies":[{"name":"wp","href":"https:\/\/api.w.org\/{rel}","templated":true}]}}